se 91 = h + t - 21, -h + 106 = -k*t. List the prime factors of h.
3, 37
Let t be (1 + -2)/(10/(-70)). Let p be 2/t - 69*1/21. List the prime factors of (-2 - -3)/(p/(-270)).
2, 3, 5
List the prime factors of ((-414)/(-621))/((-4)/(-73818)).
3, 1367
Suppose -a + 8 = -3*x - 6, -4*x = -5*a + 48. Suppose 9*h = a*h + 4, 2*q = -5*h + 2340. What are the prime factors of q?
2, 5, 29
Let h be (-3)/(((-18)/(-108))/(3338/(-18))). Let v = -1965 + h. What are the prime factors of v?
1373
Suppose -36*k + 196873 = 175967 - 497638. What are the prime factors of k?
2, 13, 277
Let w be (-15)/(-5) + -1 + (309 - 0). Suppose -w - 1289 = -5*d + 3*v, 5*v + 1293 = 4*d. What are the prime factors of d?
317
Suppose 5*r + 172784 = 4*b, -21297 = -5*b - r + 194683. List the prime factors of b.
2, 10799
Let v(s) = 4*s**2 + 65*s + 1788. List the prime factors of v(-37).
43, 113
Let t(x) be the second derivative of x**5/20 - 3*x**4/4 - 5*x**3/3 + x**2/2 + 31*x. Let l be t(10). What are the prime factors of (-1710)/(-33) + l + (-9)/11?
2, 13
Let o(m) = 12*m + 20 - 9 + 29*m**2 - 36*m - 25*m**2. What are the prime factors of o(8)?
3, 5
Suppose -12*y = 4*y + 50*y - 1538856. What are the prime factors of y?
2, 3, 29, 67
Let v(k) = 147*k**2 + 13*k + 26. Let j = 599 - 601. List the prime factors of v(j).
2, 3, 7
Let i(w) be the second derivative of -45*w - 11/5*w**5 + 0 + 1/2*w**2 - 1/12*w**4 + 0*w**3. List the prime factors of i(-1).
2, 11
Suppose 138*f - 135*f + 2*u - 156323 = 0, -2*f - u + 104218 = 0. List the prime factors of f.
3, 29, 599
Let w be -1428*((-1)/(-2) - 1). Suppose x - 65 = -59, 0 = 3*i + x - 42. Suppose w = 2*y + i*y. What are the prime factors of y?
3, 17
Let n(j) = 46*j - 552. Let t be n(12). Suppose -x - 2*x - 3 = -4*u, 15 = 5*x. Suppose l - u - 6 = t. What are the prime factors of l?
3
Let t(m) = 2146*m + 2936. List the prime factors of t(9).
2, 5, 89
Suppose -68 = 12*i - 8*i. What are the prime factors of ((-46)/6)/(i/1479)?
23, 29
Let l = 8686 + 2318. List the prime factors of l.
2, 3, 7, 131
Let k(c) = 22*c**2 + 29*c + 181. Let x be 5 + (-12*2)/4 + -7. What are the prime factors of k(x)?
23, 59
Suppose -2 = -0*u + 2*u. Let f(v) = -146*v - 44. Let a(j) = 73*j + 25. Let z(y) = 7*a(y) + 4*f(y). What are the prime factors of z(u)?
2, 3
Let i(t) = -2*t**2 - 8*t - 1. Let f be i(-6). Let d be (f - -5)*(-2)/4. Suppose d*q - 1956 - 24 = 0. List the prime factors of q.
2, 3, 11
Let i(v) be the first derivative of v**3 + v**2 - 27*v - 16. What are the prime factors of i(-15)?
2, 3, 103
Let a(n) = -n**3 + n - 1. Let h be a(1). Let j be h + 9 + -2 - 1. Suppose -j*k = 4*s - 273 - 68, -4*k = -5*s + 416. What are the prime factors of s?
2, 3, 7
Let g(v) = 10853*v - 3130. List the prime factors of g(6).
2, 15497
Suppose 3*k - 3039 = -5*r + 2*k, 4*r = -3*k + 2440. Suppose -10*n + 43 = -r. What are the prime factors of n?
5, 13
Let w = -3383 - -7527. List the prime factors of w.
2, 7, 37
Suppose -3*k + 191 + 73 = 3*p, 3*p + 2*k - 260 = 0. Let m(g) = -10*g + 87 + g - p. What are the prime factors of m(-5)?
2, 3
Let i be (-2)/(6/(-9)) - 1. Suppose i*o - 26 = -5*l, 2*l = -o + 5*l + 2. Let z(v) = 16*v + 10. What are the prime factors of z(o)?
2, 3, 23
Let p(q) = -35*q**3 - 9*q**2 - 14*q + 81. List the prime factors of p(-10).
7, 4903
Let x(s) = -s**3 - 2. Let y(c) = -14*c**3 + 8*c**2 + 18*c - 22. Let m(r) = 12*x(r) - y(r). What are the prime factors of m(8)?
2, 3, 61
Suppose 2*n = -3*f + 1673, 0*f = 5*f + 5. Let z = -574 + n. What are the prime factors of z?
2, 3, 11
What are the prime factors of 3 + -2 + 53/((-1643)/(-2372151))?
2, 38261
Let h(c) = c**3 + c**2 - 22*c + 72. List the prime factors of h(3).
2, 3, 7
Let a(j) = -j + 31. Let g be a(-22). Suppose 3*h + 2*w + 45 = 0, 4*w + 35 = -2*h + w. Let t = h + g. List the prime factors of t.
2, 5
List the prime factors of 324/90*(-2 - 8402/(-6)).
2, 3, 839
Let d = 13840 - 9268. What are the prime factors of d?
2, 3, 127
What are the prime factors of ((-12532)/(-20) - -3)/(21/525)?
2, 5, 787
What are the prime factors of 2/4 + 20/8 - (-106 + -1259)?
2, 3, 19
Let y(z) = z**2 - 11*z + 17. Let g be y(6). Let p(r) = r**2 + 14*r + 13. Let o be p(g). Suppose o = -6*k + 53 + 1. What are the prime factors of k?
3
Let j(w) = -139*w - 74. What are the prime factors of j(-46)?
2, 5, 79
Let r(l) = -30*l + 2. Let n = 17 - 37. Let h = 19 + n. List the prime factors of r(h).
2
Let z = -11013 - -20139. What are the prime factors of z?
2, 3, 13
Suppose 2*y = y + 5. Suppose 0 = y*o - 383 - 1002. Suppose 0 = -4*k + 3*g + o, 3*k - 14 = g + 200. What are the prime factors of k?
73
Let h(g) = -212*g - 1655. List the prime factors of h(-57).
10429
Let w(a) = -a**3 - 7*a**2 + 5*a - 5. Let q be (-262)/(-4) + 1 + (-6)/4. Suppose -p + o = 11, -4*p + o = q - 27. List the prime factors of w(p).
2, 7
Let v(j) = 3*j**3 + j**2 - j - 4. Suppose 4*z = -2*m + 12, 5 = 5*z + 7*m - 2*m. Suppose 10*h - 15 = z*h. What are the prime factors of v(h)?
83
Suppose a = -c + 2326, -11*a + 14*a - 2*c - 6983 = 0. Suppose 0 = -5*j + 3*h + a, -4*j - 4*h - 942 = -6*j. What are the prime factors of j?
463
Let v(q) = q**3 + 16*q**2 + 37*q - 21. Let r be v(-13). Suppose 3*l + 45 = a + 17, 0 = 5*a + r*l - 140. What are the prime factors of a?
2, 7
Let p = -420 + 245. Let c be p/(-55) + (-4)/22. Let w(h) = 8*h**2 + 2*h + 6. What are the prime factors of w(c)?
2, 3, 7
Let i(l) = 26646*l + 63. List the prime factors of i(1).
3, 29, 307
Suppose -10*o + 58*o = 217104. List the prime factors of o.
4523
Let p = 43003 - -1250. What are the prime factors of p?
3, 11, 149
Suppose -79*f - 269620 = -105*f. What are the prime factors of f?
2, 5, 17, 61
Let u(j) = j**3 + 2*j**2 + 538. Let y be u(0). Suppose -2*w = -p + y, 0 = 3*p + 3*w - 2*w - 1586. What are the prime factors of p?
2, 5, 53
Suppose -3*d + 2*w = -5*d + 4, -3*d = 4*w - 8. Let c(i) = i**3 + 2*i**2 - 16. Let u be c(d). Let y = 32 + u. What are the prime factors of y?
2
Let d be (3384/(-16) - 3/(-6))/1. Let v = d - -249. List the prime factors of v.
2, 19
Suppose 5*q + 389 - 1413 = 3*w, 0 = -2*w + 4*q - 682. Let j = w + 618. Let r = j + -179. What are the prime factors of r?
2, 3
Suppose -4*x - 2360 = 4*l, 3*x + 169 = 4*l + 2515. Let q = 1038 + l. List the prime factors of q.
2, 3, 5
Let k(f) = 81*f - 2493. List the prime factors of k(67).
2, 3, 163
Suppose 32*p - 90 = 23*p. Let q(z) = 0*z + p*z + 7 - 17*z. What are the prime factors of q(-11)?
2, 3, 7
Let p be -2*((-7)/14 - 2). What are the prime factors of (11 - 5) + p + 467?
2, 239
Let w be 1/(-7 - -6) + 335 + -1. Suppose 43*b - w = 44*b. Let q = -193 - b. What are the prime factors of q?
2, 5, 7
Let c be (1 + -1 + -3)*(-10 + -2). Let h = c - 36. Suppose 2*g = 4*g - 3*s - 43, h = 3*g - 4*s - 62. List the prime factors of g.
2, 7
Suppose 1764*b - 1681*b - 1332814 = 0. What are the prime factors of b?
2, 7, 31, 37
Suppose -22*j + 10102 = -65402. List the prime factors of j.
2, 3, 11, 13
Let v(y) = -y - 18. Let f be v(-12). Let b be 3/f*-2 - 9/(-3). Suppose 0 = -g + 3*t + 268, b*g - 5*g - 3*t = -298. List the prime factors of g.
283
Let f be 3/(27/9) - 384. Let c = f - -748. List the prime factors of c.
5, 73
Suppose -222128 - 546232 = -30*a. List the prime factors of a.
2, 19, 337
Suppose -2*v - 4*o + 672 = 0, 3*v - 3*o - 1012 = -8*o. Suppose v*l + 1872 = 353*l. What are the prime factors of l?
2, 13
Let c be ((-372)/(-30))/((-12)/(-30)). Let y be (-7)/(-2)*-12 + -1. Let f = c - y. What are the prime factors of f?
2, 37
Suppose 0 = -34*h + 8*h + 232050. List the prime factors of h.
3, 5, 7, 17
Let p = -44014 + 115510. What are the prime factors of p?
2, 3, 331
Let a be (0 - 2)/(5/((-100)/(-8))). Let u(p) = -8*p - 5. Let x be u(a). Suppose -2*t = m - 315, -4*m + x = -2*t + 335. List the prime factors of t.
2, 3, 13
Let h(d) = 129*d + 2090. What are the prime factors of h(37)?
6863
Let w(v) = 98*v - 189. What are the prime factors of w(10)?
7, 113
Suppose 64*j = -59*j + 113*j + 533330. What are the prime factors of j?
7, 19, 401
Let v(n) = 988*n**3 + n**2 - 7*n + 2. Let z be v(2). What are the prime factors of (z/(-40) - -5)*(-10)/4?
13, 37
Let w = 2485 - -2713. What are the prime factors of w?
2, 23, 113
Let h = -12771 + 22128. List the prime factors of h.
3, 3119
Let p be (46/(-4))